w(p) = -2*p + 7. Let m be w(u). Let o = m + 25. List the prime factors of o.
2, 3
Let v(k) = k**3 - 9*k**2 + 9*k - 6. Suppose -3*q + 17 = -7. What are the prime factors of v(q)?
2
Let z = -113 + 181. Suppose 3*l = -5*h + z, -2*h - 2*l = l - 20. List the prime factors of h.
2
Suppose 315 = 3*g - 411. Suppose -6*u + g = -280. What are the prime factors of u?
3, 29
Suppose -5*q + 1670 = 2*t, 2*t - 6*q + 3*q = 1686. List the prime factors of t.
2, 3, 5, 7
Let h = -233 + 1295. What are the prime factors of h?
2, 3, 59
What are the prime factors of 6 + (-15368)/(7 + -11) - 6?
2, 17, 113
Let o = 376 - 222. Let u = -58 + o. Suppose -3*v + 2*x + 62 = 3*x, 2*x = 5*v - u. List the prime factors of v.
2, 5
Let r be 33/(-2)*8/(-12). Suppose r*v - 12*v - 15 = 0. What are the prime factors of ((-30)/v)/((-2)/(-31))?
31
Suppose -5*i + r + 213 = -580, -620 = -4*i - 4*r. What are the prime factors of i?
2, 79
List the prime factors of (-893076)/(-266) - 3/7.
3, 373
Let c(w) = -w**3 - 12*w**2 + 15*w + 30. Let v be c(-13). Let z(n) = 3*n**3 + n**2 - 2*n. What are the prime factors of z(v)?
2, 5
Let l = -3186 - -6439. What are the prime factors of l?
3253
Let z(u) = -17 + 3*u - 2*u + 2*u + u. Let h be z(5). What are the prime factors of -10*4/((-8)/h)?
3, 5
What are the prime factors of ((-5)/((-20)/1352))/(5/10)?
2, 13
Suppose 0 = 5*x - 5*u - 288 - 1422, 0 = -2*x - 4*u + 702. List the prime factors of x.
3, 5, 23
Suppose -3*x + 3*z = -27, -2*z - 12 - 20 = -3*x. Suppose -6*a - 872 = -x*a. List the prime factors of a.
109
Let i = 380 - 631. Let p = -135 - i. List the prime factors of p.
2, 29
Let o(t) = -2*t**2 + 6*t + 5. Let h be o(-6). Let b = h - -145. What are the prime factors of b?
2, 3, 7
Let u = -1 + 0. Let r = u - -32. List the prime factors of r.
31
Let n(d) = -d**3 + 18*d**2 - 17*d + 3. Let w be n(17). Suppose w*l = -2*l + z + 743, -l + 3*z + 157 = 0. List the prime factors of l.
2, 37
Let a(q) be the first derivative of 9*q**2/2 - q + 5. Let y(b) = -b**3 + 4*b**2 + 8*b - 7. Let v be y(5). List the prime factors of a(v).
71
Suppose 6*q = 310 + 1526. Suppose 0 = -2*a + p + q, 2*a - 256 - 42 = -3*p. List the prime factors of a.
2, 19
Let s(f) = 9*f**2 - 3*f + 49. List the prime factors of s(7).
7, 67
Let q be 6*(-75)/(-6)*32/20. Suppose -q = -5*s - 5*f, -51 - 57 = -5*s + f. List the prime factors of s.
2, 11
Suppose -142087 = -51*v - 48553. List the prime factors of v.
2, 7, 131
What are the prime factors of ((-78)/27 - -3) + (-198603)/(-81)?
2, 613
Suppose 2*w + w = 54. Suppose -w = -z - 1. List the prime factors of z.
17
Let p = -60 + 96. What are the prime factors of (0 + 1 - 3)/((-3)/p)?
2, 3
Suppose -3*f = -r - 2105, 2*r = -3*f + 8*f - 3508. List the prime factors of f.
2, 3, 13
Let i(x) be the first derivative of 2/3*x**3 - 1 - 2*x - 3*x**2. List the prime factors of i(5).
2, 3
Suppose -15 + 9 = -m. What are the prime factors of (-6)/(m/(-131)) + 1 + -3?
3, 43
Let q(z) = -297*z - 25. What are the prime factors of q(-2)?
569
Suppose -9*p - 170 = -53. Let d(o) = -7*o + 3. What are the prime factors of d(p)?
2, 47
Let t = 11 - 9. Suppose 2*u = 5*r + 35, -4*u + 5 = 5*r - t*r. Let c = 32 - u. List the prime factors of c.
3
Suppose -44 = -10*i - i. Suppose 5*y - i*f - 249 = 0, -5*y + 170 + 91 = -f. What are the prime factors of y?
53
Let y = 8 - 6. Let q be (-15)/(-10) + 1/y. Suppose v - 5 = q. List the prime factors of v.
7
Let q(a) = a**2 + 5*a + 3. Let f be q(-7). Suppose -f - 3 = -5*j. Suppose 161 = 3*d + j*d. What are the prime factors of d?
23
List the prime factors of -581*4*(-72)/112.
2, 3, 83
Suppose -3*h - 1 = 17. Let v be 24 + h + 12/4. Suppose -3*x - v = -90. What are the prime factors of x?
23
Let x = 13 + -8. Suppose -2*g = x - 1, 3*g = -k + 51. What are the prime factors of k?
3, 19
Let v(q) = -3*q. Let z be v(-1). List the prime factors of 50/z - (-22)/(-33).
2
Let f = -61 + 834. List the prime factors of f.
773
Suppose -2*m + 12*t - 9*t + 1223 = 0, 2*t = -3*m + 1867. What are the prime factors of m?
619
Suppose -2*s = -4*p - 568, 0*s + 5*p - 1465 = -5*s. Suppose -70*c = -72*c + s. List the prime factors of c.
5, 29
What are the prime factors of -3 - (13896/(-8) + -5)?
37, 47
Let u(v) = 18*v**2 - 12*v + 39. What are the prime factors of u(4)?
3, 31
Suppose 14*o = 10*o - 4. List the prime factors of o/3 + (-3400)/(-30).
113
Let m = -545 + 985. List the prime factors of m.
2, 5, 11
Let c(d) = d + 17. Let h be c(-13). Suppose h*o = -3*l + 6, 2*l = 1 + 3. Suppose -t + j + 30 = -o*t, -3*t = -4*j - 94. What are the prime factors of t?
2, 13
Suppose 0 = 3*t + 5*y - y - 32, 0 = -2*t + y + 3. Suppose 3*c - t = -3*s - 52, 4*s = -5*c - 81. Let m = c + 34. What are the prime factors of m?
17
Let w(h) = -h**2 + 6*h + 5. Let r(l) = -4*l + 1. Let q be r(-1). Suppose -9*f + q*f = -24. List the prime factors of w(f).
5
Let u = -11 + 15. Suppose 2*p = -0*p - 5*x + 59, -2*x + 28 = p. Suppose 5*v + 4*q = 47, v + q = -u*q + p. What are the prime factors of v?
7
Suppose 2*g = -7*g - 45. List the prime factors of (-338)/g - 9/15.
67
Suppose 2 = 2*a - 2. Let w(j) = 6*j**2 - 2*j - 1. List the prime factors of w(a).
19
Suppose 2*v - 4370 = -17*v. List the prime factors of v.
2, 5, 23
Suppose m - 93 - 26 = d, m + 2*d = 107. List the prime factors of m.
5, 23
Suppose 4*s = 6*s - 216. Suppose 4*n = 6*n - s. What are the prime factors of n?
2, 3
Let r = -273 + 685. What are the prime factors of r?
2, 103
Suppose -4*j - 273 = o, -4*o = -o - 9. Let r = j - -120. What are the prime factors of r?
3, 17
Let z = 8 + -13. Let f = z - -15. What are the prime factors of f?
2, 5
Suppose 130 = -8*j + 3*j. Let w = j + 32. What are the prime factors of w?
2, 3
Let b = -19 - -13. Let j(d) = -2*d + 12. Let t be j(b). Suppose 0 = -2*m + 5*f + t, 4*m = f + 2*f + 76. List the prime factors of m.
2, 11
List the prime factors of 12 - (-104)/(-13) - 1530/(-2).
769
Let l(i) = i**2 + 7*i + 2. Let b be l(-6). Let a(w) = -w - 1. Let r be a(b). Suppose r = -2*y + 9, -y = -v + 43. List the prime factors of v.
2, 23
Let z be (13 + -1)/(-4) + 1. List the prime factors of 55/z*(0 + -4).
2, 5, 11
Suppose 4*a + 9 = 7*a. Suppose 0 = -j + a*j. Suppose 3*h + 2*h + 3*b - 124 = j, 3*b - 55 = -2*h. List the prime factors of h.
23
List the prime factors of (5772/(-259))/(-1*(-2)/(-14)).
2, 3, 13
Let j be -2*(1 + 85) + 2. Let w = -112 - j. What are the prime factors of w?
2, 29
Suppose -5*d - 205 - 871 = -2*x, -3*d = 12. List the prime factors of x.
2, 3, 11
Let p = -7 + 8. Let x be 232/(-16) - p/(-2). What are the prime factors of ((-6)/x)/((-1)/(-7))?
3
Suppose 0 = -3*a + a - 4. Let f be a/(16/(-34))*4. Suppose 4*b - 4*n - 16 = b, 0 = 3*b - 5*n - f. What are the prime factors of b?
2
Let k = -33 + 62. Let x = -30 - k. Let g = x - -87. List the prime factors of g.
2, 7
Let f = -16 + 0. What are the prime factors of (4 + (3 - f))/1?
23
Let w = -69 - -74. Suppose -w*f + 93 = -77. List the prime factors of f.
2, 17
What are the prime factors of 4*108/(-72)*1930/(-3)?
2, 5, 193
Suppose -5*j + 4 = 64. Let q be ((-64)/j)/((-4)/(-54)). Suppose 0*a - q = -2*a. What are the prime factors of a?
2, 3
Let p = 19 + -31. List the prime factors of (125 + 0)*p/(-20).
3, 5
Let y = 8 + -6. Suppose 0*p + 88 = p - 2*f, 3*p - 248 = y*f. List the prime factors of p.
2, 5
Let m = 8 + -6. Let k be (24/(-9))/(-8)*-33. Let a = m - k. What are the prime factors of a?
13
Suppose 2*b = -4*c + 84, 0 = -2*b + b - 4*c + 48. Suppose 0 = -2*q - 3*x, -5*q + 5*x = 2*x. Suppose q = 2*f - 6*f + b. What are the prime factors of f?
3
Suppose -63 - 60 = -3*t. Suppose 5*z - t = -1. Suppose -2 + z = 3*h. What are the prime factors of h?
2
Let w = 624 - 326. List the prime factors of w.
2, 149
Suppose -16*m + 12290 = -6*m. List the prime factors of m.
1229
Let q = -50 - -17. Let o = -35 - q. Let b(g) = -7*g + 1. List the prime factors of b(o).
3, 5
Let w = -2161 - -4282. List the prime factors of w.
3, 7, 101
Let q(s) = -19*s - 14 + 18*s + 91*s + 30. List the prime factors of q(3).
2, 11, 13
Suppose 9*q - 16 = -7*q. What are the prime factors of 3/(-12) - q/((-16)/3204)?
2, 5
Suppose -t + 29 = 2*g, -g - t = -3*t - 27. Suppose -v = -0*v + g. List the prime factors of (v + 2)/(-4 + 3).
3, 5
Suppose 1407 = 2*i - c - 2341, -1856 = -i - 4*c. List the 